{"id":113,"date":"2017-11-19T17:09:27","date_gmt":"2017-11-19T16:09:27","guid":{"rendered":"http:\/\/www.mairie-gassin.fr\/?page_id=113"},"modified":"2026-04-02T11:39:09","modified_gmt":"2026-04-02T09:39:09","slug":"le-conseil-municipal","status":"publish","type":"page","link":"https:\/\/www.mairie-gassin.fr\/fr\/notre-commune\/le-conseil-municipal\/","title":{"rendered":"Le conseil municipal"},"content":{"rendered":"\n<h2 class=\"wp-block-heading\">LE MAIRE ET SES ADJOINTS<\/h2>\n\n\n\n<p class=\"wp-block-paragraph\">Suite aux \u00e9lections municipales du 15 mars 2026 , le nouveau Conseil Municipal de Gassin est compos\u00e9 ainsi :<\/p>\n\n\n\n<p class=\"wp-block-paragraph\">Mme WANIART Anne-Marie, Maire<\/p>\n\n\n\n<p class=\"wp-block-paragraph\">Mme MARTIN Agn\u00e8s, 1<sup>er<\/sup> adjoint<\/p>\n\n\n\n<p class=\"wp-block-paragraph\">M. MATTON Fran\u00e7ois, 2<sup>e<\/sup> adjoint<\/p>\n\n\n\n<p class=\"wp-block-paragraph\">Mme VILLETTE S\u00e9verine, 3<sup>e<\/sup> adjoint<\/p>\n\n\n\n<p class=\"wp-block-paragraph\">M. SILVE Didier, 4<sup>e<\/sup> adjoint<\/p>\n\n\n\n<p class=\"wp-block-paragraph\">Mme BRUNET Sylvie, 5<sup>e<\/sup> adjoint<\/p>\n\n\n\n<p class=\"wp-block-paragraph\">M. BERNE Herv\u00e9, 6<sup>e<\/sup> adjoint<\/p>\n\n\n\n<p class=\"wp-block-paragraph\">Mme DIGNAC \u00c9lisabeth<\/p>\n\n\n\n<p class=\"wp-block-paragraph\">Mme MARCELLINO Anne-Marie<\/p>\n\n\n\n<p class=\"wp-block-paragraph\">Mme SIMONI Chantal<\/p>\n\n\n\n<p class=\"wp-block-paragraph\">M. VOTA Serge<\/p>\n\n\n\n<p class=\"wp-block-paragraph\">M. BRINDEL Vincent<\/p>\n\n\n\n<p class=\"wp-block-paragraph\">M. PICQUENOT Alain<\/p>\n\n\n\n<p class=\"wp-block-paragraph\">M. UCHET Olivier<\/p>\n\n\n\n<p class=\"wp-block-paragraph\">Mme CASCANT M\u00e9lanie<\/p>\n\n\n\n<p class=\"wp-block-paragraph\">M. MARQUES Florian<\/p>\n\n\n\n<p class=\"wp-block-paragraph\">Mme LECCIO Emilie<\/p>\n\n\n\n<p class=\"wp-block-paragraph\">M. BRUNO S\u00e9bastien<\/p>\n\n\n\n<p class=\"wp-block-paragraph\">Mme MAILLAFET C\u00e9line<\/p>\n\n\n\n<p class=\"wp-block-paragraph\">Mme WOLAK Karine<\/p>\n\n\n\n<p class=\"wp-block-paragraph\">Mme PESCH Sol\u00e8ne<\/p>\n\n\n\n<p class=\"wp-block-paragraph\">M. OLLIVIER Emile<\/p>\n\n\n\n<p class=\"wp-block-paragraph\">M. PAILLON Sam<\/p>\n\n\n\n<p class=\"wp-block-paragraph\"><\/p>\n","protected":false},"excerpt":{"rendered":"<p>LE MAIRE ET SES ADJOINTS Suite aux \u00e9lections municipales du 15 mars 2026 , le nouveau Conseil Municipal de Gassin est compos\u00e9 ainsi : Mme WANIART Anne-Marie, Maire Mme MARTIN Agn\u00e8s, 1er adjoint M. MATTON Fran\u00e7ois, 2e adjoint Mme VILLETTE S\u00e9verine, 3e adjoint M. SILVE Didier, 4e adjoint Mme BRUNET Sylvie, 5e adjoint M. BERNE<a class=\"excerpt-read-more\" href=\"https:\/\/www.mairie-gassin.fr\/fr\/notre-commune\/le-conseil-municipal\/\" title=\"ReadLe conseil municipal\">&#8230; Read more &raquo;<\/a><\/p>\n","protected":false},"author":11,"featured_media":0,"parent":40,"menu_order":6,"comment_status":"closed","ping_status":"closed","template":"","meta":{"_acf_changed":false,"_crdt_document":"","footnotes":""},"class_list":["post-113","page","type-page","status-publish","hentry"],"acf":[],"_links":{"self":[{"href":"https:\/\/www.mairie-gassin.fr\/fr\/wp-json\/wp\/v2\/pages\/113","targetHints":{"allow":["GET"]}}],"collection":[{"href":"https:\/\/www.mairie-gassin.fr\/fr\/wp-json\/wp\/v2\/pages"}],"about":[{"href":"https:\/\/www.mairie-gassin.fr\/fr\/wp-json\/wp\/v2\/types\/page"}],"author":[{"embeddable":true,"href":"https:\/\/www.mairie-gassin.fr\/fr\/wp-json\/wp\/v2\/users\/11"}],"replies":[{"embeddable":true,"href":"https:\/\/www.mairie-gassin.fr\/fr\/wp-json\/wp\/v2\/comments?post=113"}],"version-history":[{"count":28,"href":"https:\/\/www.mairie-gassin.fr\/fr\/wp-json\/wp\/v2\/pages\/113\/revisions"}],"predecessor-version":[{"id":11890,"href":"https:\/\/www.mairie-gassin.fr\/fr\/wp-json\/wp\/v2\/pages\/113\/revisions\/11890"}],"up":[{"embeddable":true,"href":"https:\/\/www.mairie-gassin.fr\/fr\/wp-json\/wp\/v2\/pages\/40"}],"wp:attachment":[{"href":"https:\/\/www.mairie-gassin.fr\/fr\/wp-json\/wp\/v2\/media?parent=113"}],"curies":[{"name":"wp","href":"https:\/\/api.w.org\/{rel}","templated":true}]}}

<h2 class="wp-block-heading">LE MAIRE ET SES ADJOINTS</h2>



<p class="wp-block-paragraph">Suite aux élections municipales du 15 mars 2026 , le nouveau Conseil Municipal de Gassin est composé ainsi :</p>



<p class="wp-block-paragraph">Mme WANIART Anne-Marie, Maire</p>



<p class="wp-block-paragraph">Mme MARTIN Agnès, 1<sup>er</sup> adjoint</p>



<p class="wp-block-paragraph">M. MATTON François, 2<sup>e</sup> adjoint</p>



<p class="wp-block-paragraph">Mme VILLETTE Séverine, 3<sup>e</sup> adjoint</p>



<p class="wp-block-paragraph">M. SILVE Didier, 4<sup>e</sup> adjoint</p>



<p class="wp-block-paragraph">Mme BRUNET Sylvie, 5<sup>e</sup> adjoint</p>



<p class="wp-block-paragraph">M. BERNE Hervé, 6<sup>e</sup> adjoint</p>



<p class="wp-block-paragraph">Mme DIGNAC Élisabeth</p>



<p class="wp-block-paragraph">Mme MARCELLINO Anne-Marie</p>



<p class="wp-block-paragraph">Mme SIMONI Chantal</p>



<p class="wp-block-paragraph">M. VOTA Serge</p>



<p class="wp-block-paragraph">M. BRINDEL Vincent</p>



<p class="wp-block-paragraph">M. PICQUENOT Alain</p>



<p class="wp-block-paragraph">M. UCHET Olivier</p>



<p class="wp-block-paragraph">Mme CASCANT Mélanie</p>



<p class="wp-block-paragraph">M. MARQUES Florian</p>



<p class="wp-block-paragraph">Mme LECCIO Emilie</p>



<p class="wp-block-paragraph">M. BRUNO Sébastien</p>



<p class="wp-block-paragraph">Mme MAILLAFET Céline</p>



<p class="wp-block-paragraph">Mme WOLAK Karine</p>



<p class="wp-block-paragraph">Mme PESCH Solène</p>



<p class="wp-block-paragraph">M. OLLIVIER Emile</p>



<p class="wp-block-paragraph">M. PAILLON Sam</p>



<p class="wp-block-paragraph"></p>

<p>LE MAIRE ET SES ADJOINTS Suite aux élections municipales du 15 mars 2026 , le nouveau Conseil Municipal de Gassin est composé ainsi : Mme WANIART Anne-Marie, Maire Mme MARTIN Agnès, 1er adjoint M. MATTON François, 2e adjoint Mme VILLETTE Séverine, 3e adjoint M. SILVE Didier, 4e adjoint Mme BRUNET Sylvie, 5e adjoint M. BERNE<a class="excerpt-read-more" href="https://www.mairie-gassin.fr/fr/notre-commune/le-conseil-municipal/" title="ReadLe conseil municipal">&#8230; Read more &raquo;</a></p>
