{"id":377,"date":"2017-11-23T16:56:19","date_gmt":"2017-11-23T15:56:19","guid":{"rendered":"http:\/\/www.mairie-gassin.fr\/?page_id=377"},"modified":"2025-09-22T15:05:37","modified_gmt":"2025-09-22T13:05:37","slug":"centre-de-loisirs","status":"publish","type":"page","link":"https:\/\/www.mairie-gassin.fr\/fr\/famille\/centre-de-loisirs\/","title":{"rendered":"Centre de loisirs"},"content":{"rendered":"<div class=\"wp-block-image\">\n<figure class=\"alignleft\"><img loading=\"lazy\" decoding=\"async\" width=\"333\" height=\"250\" src=\"http:\/\/www.mairie-gassin.fr\/wp-content\/uploads\/2017\/11\/0443-centre-aere-peinture.jpg\" alt=\"\" class=\"wp-image-385\" srcset=\"https:\/\/www.mairie-gassin.fr\/wp-content\/uploads\/2017\/11\/0443-centre-aere-peinture.jpg 333w, https:\/\/www.mairie-gassin.fr\/wp-content\/uploads\/2017\/11\/0443-centre-aere-peinture-300x225.jpg 300w\" sizes=\"auto, (max-width: 333px) 100vw, 333px\" \/><\/figure>\n<\/div>\n\n\n<p class=\"wp-block-paragraph\">Le centre a\u00e9r\u00e9 (accueil de loisirs sans h\u00e9bergement), g\u00e9r\u00e9 par l&rsquo;ODEL VAR, est ouvert lors des vacances de f\u00e9vrier, avril, \u00e9t\u00e9 et automne. Il accueille <strong>les enfants scolaris\u00e9s \u00e0 Gassin, de 3 ans (scolaris\u00e9s) \u00e0 12 ans r\u00e9volus<\/strong>, dans les locaux de l&rsquo;\u00e9cole maternelle Esp\u00e9lidou.<\/p>\n\n\n\n<p class=\"wp-block-paragraph\">Il propose des activit\u00e9s sportives, manuelles et ludiques, autour de diff\u00e9rents th\u00e8mes, comme l\u2019environnement ou la d\u00e9couverte de pratiques artistiques (peinture, \u00e9criture, musique \u2026). De plus, chaque semaine au moins une sortie est pr\u00e9vue avec tous les enfants.<\/p>\n\n\n\n<p class=\"wp-block-paragraph\">Les parents am\u00e8nent les enfants au centre le matin, entre 7 h 30 et 9 h et viennent les chercher entre 17 h et 18 h 30. En dehors de ces horaires, les enfants ne pourront plus acc\u00e9der au centre a\u00e9r\u00e9 pour des raisons de s\u00e9curit\u00e9.<\/p>\n\n\n\n<p class=\"wp-block-paragraph\">Pour toutes informations : contact ODEL Var : adl@odelvar.com ou 04 94 92 59 85<\/p>\n","protected":false},"excerpt":{"rendered":"<p>Le centre a\u00e9r\u00e9 (accueil de loisirs sans h\u00e9bergement), g\u00e9r\u00e9 par l&rsquo;ODEL VAR, est ouvert lors des vacances de f\u00e9vrier, avril, \u00e9t\u00e9 et automne. Il accueille les enfants scolaris\u00e9s \u00e0 Gassin, de 3 ans (scolaris\u00e9s) \u00e0 12 ans r\u00e9volus, dans les locaux de l&rsquo;\u00e9cole maternelle Esp\u00e9lidou. Il propose des activit\u00e9s sportives, manuelles et ludiques, autour de<a class=\"excerpt-read-more\" href=\"https:\/\/www.mairie-gassin.fr\/fr\/famille\/centre-de-loisirs\/\" title=\"ReadCentre de loisirs\">&#8230; Read more &raquo;<\/a><\/p>\n","protected":false},"author":11,"featured_media":0,"parent":46,"menu_order":84,"comment_status":"closed","ping_status":"closed","template":"","meta":{"_acf_changed":false,"_crdt_document":"","footnotes":""},"class_list":["post-377","page","type-page","status-publish","hentry"],"acf":[],"_links":{"self":[{"href":"https:\/\/www.mairie-gassin.fr\/fr\/wp-json\/wp\/v2\/pages\/377","targetHints":{"allow":["GET"]}}],"collection":[{"href":"https:\/\/www.mairie-gassin.fr\/fr\/wp-json\/wp\/v2\/pages"}],"about":[{"href":"https:\/\/www.mairie-gassin.fr\/fr\/wp-json\/wp\/v2\/types\/page"}],"author":[{"embeddable":true,"href":"https:\/\/www.mairie-gassin.fr\/fr\/wp-json\/wp\/v2\/users\/11"}],"replies":[{"embeddable":true,"href":"https:\/\/www.mairie-gassin.fr\/fr\/wp-json\/wp\/v2\/comments?post=377"}],"version-history":[{"count":104,"href":"https:\/\/www.mairie-gassin.fr\/fr\/wp-json\/wp\/v2\/pages\/377\/revisions"}],"predecessor-version":[{"id":11215,"href":"https:\/\/www.mairie-gassin.fr\/fr\/wp-json\/wp\/v2\/pages\/377\/revisions\/11215"}],"up":[{"embeddable":true,"href":"https:\/\/www.mairie-gassin.fr\/fr\/wp-json\/wp\/v2\/pages\/46"}],"wp:attachment":[{"href":"https:\/\/www.mairie-gassin.fr\/fr\/wp-json\/wp\/v2\/media?parent=377"}],"curies":[{"name":"wp","href":"https:\/\/api.w.org\/{rel}","templated":true}]}}

<div class="wp-block-image">
<figure class="alignleft"><img loading="lazy" decoding="async" width="333" height="250" src="http://www.mairie-gassin.fr/wp-content/uploads/2017/11/0443-centre-aere-peinture.jpg" alt="" class="wp-image-385" srcset="https://www.mairie-gassin.fr/wp-content/uploads/2017/11/0443-centre-aere-peinture.jpg 333w, https://www.mairie-gassin.fr/wp-content/uploads/2017/11/0443-centre-aere-peinture-300x225.jpg 300w" sizes="auto, (max-width: 333px) 100vw, 333px" /></figure>
</div>


<p class="wp-block-paragraph">Le centre aéré (accueil de loisirs sans hébergement), géré par l&rsquo;ODEL VAR, est ouvert lors des vacances de février, avril, été et automne. Il accueille <strong>les enfants scolarisés à Gassin, de 3 ans (scolarisés) à 12 ans révolus</strong>, dans les locaux de l&rsquo;école maternelle Espélidou.</p>



<p class="wp-block-paragraph">Il propose des activités sportives, manuelles et ludiques, autour de différents thèmes, comme l’environnement ou la découverte de pratiques artistiques (peinture, écriture, musique …). De plus, chaque semaine au moins une sortie est prévue avec tous les enfants.</p>



<p class="wp-block-paragraph">Les parents amènent les enfants au centre le matin, entre 7 h 30 et 9 h et viennent les chercher entre 17 h et 18 h 30. En dehors de ces horaires, les enfants ne pourront plus accéder au centre aéré pour des raisons de sécurité.</p>



<p class="wp-block-paragraph">Pour toutes informations : contact ODEL Var : adl@odelvar.com ou 04 94 92 59 85</p>

<p>Le centre aéré (accueil de loisirs sans hébergement), géré par l&rsquo;ODEL VAR, est ouvert lors des vacances de février, avril, été et automne. Il accueille les enfants scolarisés à Gassin, de 3 ans (scolarisés) à 12 ans révolus, dans les locaux de l&rsquo;école maternelle Espélidou. Il propose des activités sportives, manuelles et ludiques, autour de<a class="excerpt-read-more" href="https://www.mairie-gassin.fr/fr/famille/centre-de-loisirs/" title="ReadCentre de loisirs">&#8230; Read more &raquo;</a></p>
