{"id":398,"date":"2017-11-23T17:12:56","date_gmt":"2017-11-23T16:12:56","guid":{"rendered":"http:\/\/www.mairie-gassin.fr\/?page_id=398"},"modified":"2024-05-14T15:17:58","modified_gmt":"2024-05-14T13:17:58","slug":"salle-des-jeunes","status":"publish","type":"page","link":"https:\/\/www.mairie-gassin.fr\/fr\/famille\/salle-des-jeunes\/","title":{"rendered":"Salle des jeunes"},"content":{"rendered":"<div class=\"wp-block-image\">\n<figure class=\"alignleft size-full\"><img loading=\"lazy\" decoding=\"async\" width=\"320\" height=\"238\" src=\"https:\/\/www.mairie-gassin.fr\/wp-content\/uploads\/2024\/05\/salle-jeunes.jpg\" alt=\"\" class=\"wp-image-6719\" srcset=\"https:\/\/www.mairie-gassin.fr\/wp-content\/uploads\/2024\/05\/salle-jeunes.jpg 320w, https:\/\/www.mairie-gassin.fr\/wp-content\/uploads\/2024\/05\/salle-jeunes-300x223.jpg 300w\" sizes=\"auto, (max-width: 320px) 100vw, 320px\" \/><\/figure>\n<\/div>\n\n\n<p class=\"wp-block-paragraph\">La salle des Jeunes est ouverte aux ados Gassinois de 10 \u00e0 17 ans. Elle est situ\u00e9e dans l\u2019\u00e9cole primaire.<\/p>\n\n\n\n<p class=\"wp-block-paragraph\">L\u2019acc\u00e8s \u00e0 la salle est soumis \u00e0 cotisation de 10 \u20ac par ann\u00e9e scolaire, les activit\u00e9s sont \u00e0 la charge des familles.<\/p>\n\n\n\n<p class=\"wp-block-paragraph\">La salle est ouverte pendant les vacances scolaires suivant un planning. (sauf vacances de d\u00e9cembre).<\/p>\n\n\n\n<p class=\"wp-block-paragraph\">Diff\u00e9rentes activit\u00e9s manuelles, culturelles et sportives sont organis\u00e9es. Divers s\u00e9jours sont propos\u00e9s aux ados.<\/p>\n\n\n\n<p class=\"wp-block-paragraph\">L&rsquo;inscription des enfants se fait directement sur le portail famille. <\/p>\n\n\n\n<p class=\"wp-block-paragraph\">En cas d\u2019urgences et pendant les sorties, vous pouvez joindre la directrice au 06 40 33 73 11.<\/p>\n","protected":false},"excerpt":{"rendered":"<p>La salle des Jeunes est ouverte aux ados Gassinois de 10 \u00e0 17 ans. Elle est situ\u00e9e dans l\u2019\u00e9cole primaire. L\u2019acc\u00e8s \u00e0 la salle est soumis \u00e0 cotisation de 10 \u20ac par ann\u00e9e scolaire, les activit\u00e9s sont \u00e0 la charge des familles. La salle est ouverte pendant les vacances scolaires suivant un planning. (sauf vacances<a class=\"excerpt-read-more\" href=\"https:\/\/www.mairie-gassin.fr\/fr\/famille\/salle-des-jeunes\/\" title=\"ReadSalle des jeunes\">&#8230; Read more &raquo;<\/a><\/p>\n","protected":false},"author":11,"featured_media":0,"parent":46,"menu_order":87,"comment_status":"closed","ping_status":"closed","template":"","meta":{"_acf_changed":false,"_crdt_document":"","footnotes":""},"class_list":["post-398","page","type-page","status-publish","hentry"],"acf":[],"_links":{"self":[{"href":"https:\/\/www.mairie-gassin.fr\/fr\/wp-json\/wp\/v2\/pages\/398","targetHints":{"allow":["GET"]}}],"collection":[{"href":"https:\/\/www.mairie-gassin.fr\/fr\/wp-json\/wp\/v2\/pages"}],"about":[{"href":"https:\/\/www.mairie-gassin.fr\/fr\/wp-json\/wp\/v2\/types\/page"}],"author":[{"embeddable":true,"href":"https:\/\/www.mairie-gassin.fr\/fr\/wp-json\/wp\/v2\/users\/11"}],"replies":[{"embeddable":true,"href":"https:\/\/www.mairie-gassin.fr\/fr\/wp-json\/wp\/v2\/comments?post=398"}],"version-history":[{"count":17,"href":"https:\/\/www.mairie-gassin.fr\/fr\/wp-json\/wp\/v2\/pages\/398\/revisions"}],"predecessor-version":[{"id":6720,"href":"https:\/\/www.mairie-gassin.fr\/fr\/wp-json\/wp\/v2\/pages\/398\/revisions\/6720"}],"up":[{"embeddable":true,"href":"https:\/\/www.mairie-gassin.fr\/fr\/wp-json\/wp\/v2\/pages\/46"}],"wp:attachment":[{"href":"https:\/\/www.mairie-gassin.fr\/fr\/wp-json\/wp\/v2\/media?parent=398"}],"curies":[{"name":"wp","href":"https:\/\/api.w.org\/{rel}","templated":true}]}}

<div class="wp-block-image">
<figure class="alignleft size-full"><img loading="lazy" decoding="async" width="320" height="238" src="https://www.mairie-gassin.fr/wp-content/uploads/2024/05/salle-jeunes.jpg" alt="" class="wp-image-6719" srcset="https://www.mairie-gassin.fr/wp-content/uploads/2024/05/salle-jeunes.jpg 320w, https://www.mairie-gassin.fr/wp-content/uploads/2024/05/salle-jeunes-300x223.jpg 300w" sizes="auto, (max-width: 320px) 100vw, 320px" /></figure>
</div>


<p class="wp-block-paragraph">La salle des Jeunes est ouverte aux ados Gassinois de 10 à 17 ans. Elle est située dans l’école primaire.</p>



<p class="wp-block-paragraph">L’accès à la salle est soumis à cotisation de 10 € par année scolaire, les activités sont à la charge des familles.</p>



<p class="wp-block-paragraph">La salle est ouverte pendant les vacances scolaires suivant un planning. (sauf vacances de décembre).</p>



<p class="wp-block-paragraph">Différentes activités manuelles, culturelles et sportives sont organisées. Divers séjours sont proposés aux ados.</p>



<p class="wp-block-paragraph">L&rsquo;inscription des enfants se fait directement sur le portail famille. </p>



<p class="wp-block-paragraph">En cas d’urgences et pendant les sorties, vous pouvez joindre la directrice au 06 40 33 73 11.</p>

<p>La salle des Jeunes est ouverte aux ados Gassinois de 10 à 17 ans. Elle est située dans l’école primaire. L’accès à la salle est soumis à cotisation de 10 € par année scolaire, les activités sont à la charge des familles. La salle est ouverte pendant les vacances scolaires suivant un planning. (sauf vacances<a class="excerpt-read-more" href="https://www.mairie-gassin.fr/fr/famille/salle-des-jeunes/" title="ReadSalle des jeunes">&#8230; Read more &raquo;</a></p>
