{"id":7,"date":"2017-11-06T21:39:04","date_gmt":"2017-11-06T20:39:04","guid":{"rendered":"http:\/\/www.mairie-gassin.fr\/?page_id=7"},"modified":"2019-04-13T14:32:24","modified_gmt":"2019-04-13T12:32:24","slug":"gassin-hier","status":"publish","type":"page","link":"https:\/\/www.mairie-gassin.fr\/fr\/notre-commune\/gassin-hier\/","title":{"rendered":"Gassin hier"},"content":{"rendered":"\n<h2 class=\"wp-block-heading\">LE BLASON<\/h2>\n\n\n\n<div class=\"wp-block-image\"><figure class=\"aligncenter\"><img loading=\"lazy\" decoding=\"async\" width=\"156\" height=\"221\" src=\"http:\/\/www.mairie-gassin.fr\/wp-content\/uploads\/2017\/11\/blason-gassin-2014-petit-.jpg\" alt=\"\" class=\"wp-image-25\"\/><\/figure><\/div>\n\n\n\n<p class=\"wp-block-paragraph\">Les armes de Gassin, \u00ab d\u2019Azur \u00e0 un ch\u00e2teau donjonn\u00e9 de trois tours d\u2019argent, ma\u00e7onn\u00e9 de sable \u00bb, attestent qu\u2019une partie de son histoire fut li\u00e9e \u00e0 celle de la famille Castellane-Saint Jeurs qui furent les seigneurs de Gassin et dont la devise \u00e9tait :<\/p>\n\n\n\n<blockquote class=\"wp-block-quote is-layout-flow wp-block-quote-is-layout-flow\"><p>\u00ab\u00a0May d&rsquo;honour que d&rsquo;honours\u00a0\u00bb qui peut se traduire par \u00ab\u00a0mieux vaut l&rsquo;honneur que les honneurs\u00a0\u00bb.<\/p><\/blockquote>\n\n\n\n<h2 class=\"wp-block-heading\">ORIGINE DU NOM<\/h2>\n\n\n\n<p class=\"wp-block-paragraph\">Les premi\u00e8res traces \u00e9crites faisant \u00e9tat de GASSIN ou plut\u00f4t GARCIN remontent \u00e0 1234 &#8211; 1235.<br>Il n&rsquo;y a rien dans le cartulaire de l&rsquo;Abbaye de SAINT VICTOR relatif au village. Par contre, on peut y lire :<\/p>\n\n\n\n<ul class=\"wp-block-list\"><li>ARNULFUS DE GARCINO<\/li><li>AICARDUS DE GARCIN (Carta 144 &#8211; 14 August 1097)<\/li><li>GAUFRIDI DE GARCI (Carta 969 &#8211; 22 Febr 1154)<\/li><li>GUILELMUS GARCINUS (Carta 1102 &#8211; 11 Jul 1124)<\/li><\/ul>\n\n\n\n<p class=\"wp-block-paragraph\">Cependant ces noms ne d\u00e9signent pas forc\u00e9ment des personnes natives du lieu m\u00eame de GARCIN, de notre GASSIN.<br>Dans les extraits des \u00ab\u00a0STATUTS DE LA BAILIE DE FREJUS\u00a0\u00bb dont l&rsquo;original se trouve aux archives des B.D.R. &#8211; B 326 &#8211; scell\u00e9 sur flocs de soie rouge et bleue, on d\u00e9couvre<\/p>\n\n\n\n<p class=\"wp-block-paragraph\">\u00ab\u00a0Item, CASTRUM DE GARCINO cum SANT TROPES unum militem cum equo armato et unum militem non cum equo armato\u00a0\u00bb<\/p>\n\n\n\n<p class=\"wp-block-paragraph\">La graphie GARCIN est rest\u00e9e longtemps celle du nom du village jusqu&rsquo;aux alentours de 1750 environ.<\/p>\n\n\n\n<p class=\"wp-block-paragraph\">Est-ce une faute typographique ?<br>Est-ce une faute de quelque desservant ou cur\u00e9 vicaire tenant le registre de Catholicit\u00e9 ?<br><strong>Toujours est-il que l&rsquo;\u00e9criture actuelle de Gassin ne remonte pas tr\u00e8s loin.<\/strong><\/p>\n\n\n\n<p class=\"wp-block-paragraph\">Certains ont tent\u00e9 de voir dans GASSIN, GARDIA SINUS : la Gardienne du Golfe en se basant sur le libell\u00e9 actuel du nom du village mais, c&rsquo;est l&rsquo;ancien libell\u00e9 qui doit servir \u00e0 en rechercher l&rsquo;origine.<\/p>\n\n\n\n<p class=\"wp-block-paragraph\">D&rsquo;apr\u00e8s Charles ROSTAING dans son \u00ab\u00a0essai sur la toponymie de la Provence\u00a0\u00bb, GARCIN serait d&rsquo;origine pr\u00e9-indo-europ\u00e9enne.<\/p>\n\n\n\n<p class=\"wp-block-paragraph\">Il semblerait que l&rsquo;on puisse envisager une origine ligure dont le langage suppos\u00e9 aurait pu \u00eatre m\u00eal\u00e9 \u00e0 des mots d&rsquo;origine m\u00e9diterran\u00e9enne (pr\u00e9-indo-europ\u00e9en). La racine KAR signifiant pierre perch\u00e9e.<\/p>\n\n\n\n<p class=\"wp-block-paragraph\">Alors pourquoi ne pas faire la relation entre le phon\u00e8me KAR et la 1\u00b0 syllabe GAR.<\/p>\n\n\n\n<p class=\"wp-block-paragraph\">La racine SED-SEN a plusieurs interpr\u00e9tations selon sa place : si\u00e8ge, colline, b\u00e2ti sur un rocher, etc&#8230; suivant son assimilation \u00e0 une autre racine alors pourquoi ne pas extrapoler et poser la question :<br>KAR&#8230;SEN &#8211; GAR&#8230;SIN &#8211; GASSIN ???<\/p>\n\n\n\n<p class=\"wp-block-paragraph\"><strong>Il n&rsquo;est pas extravagant d&rsquo;envisager que GASSIN est la d\u00e9formation phon\u00e9tique de KAR (Pierre) SEN (b\u00e2ti sur)<\/strong> car quel lieu est plus pierreux que l&rsquo;\u00e9peron rocheux sur lequel est accroch\u00e9 GASSIN ?<\/p>\n\n\n\n<h2 class=\"wp-block-heading\">HISTOIRE<\/h2>\n\n\n\n<p class=\"wp-block-paragraph\"><strong>Ses premiers habitants<\/strong>, \u00e9tablis dans la plaine, ont ob\u00e9i aux r\u00e9flexes salvateurs.<br>Pour \u00e9viter les invasions, les \u00e9pid\u00e9mies, les guerres de religion, pour trouver l\u2019eau et la s\u00e9curit\u00e9, ils ont suivi l\u2019itin\u00e9raire classique qui commandait de s\u2019\u00e9lever sur les collines. Ce en quoi ils eurent raison car <strong>jamais l\u2019actuel village ne fut envahi<\/strong>.<br>Aujourd\u2019hui, l\u2019axe de leur progression vers les sources et les positions inexpugnables est encore visible sur les photos a\u00e9riennes, de la plaine du Bourrian \u00e0 Belieu, de Villevieille \u00e0 l\u2019actuel village, ils ont suivi la cr\u00eate de la colline au flanc de laquelle la mont\u00e9e de Coste Brigade reste encore le meilleur moyen de d\u00e9couvrir ce bijou qu\u2019est le village de Gassin.<\/p>\n\n\n\n<h2 class=\"wp-block-heading\">LA LEGENDE: GASSIN LE VILLAGE DES SORCIERES<\/h2>\n\n\n\n<p class=\"wp-block-paragraph\"><strong>D&rsquo;o\u00f9 vient cette appellation assez curieuse, voire inqui\u00e9tante ?<\/strong><\/p>\n\n\n\n<p class=\"wp-block-paragraph\">Il semblerait que la l\u00e9gende, parvenue jusqu&rsquo;\u00e0 nous par le bouche \u00e0 oreille, ait subi les distorsions inh\u00e9rentes \u00e0 la relation du r\u00e9cit maintes fois r\u00e9p\u00e9t\u00e9 au fil du temps.<\/p>\n\n\n\n<p class=\"wp-block-paragraph\">A une \u00e9poque fort recul\u00e9e, alors que la peste ravageait les communaut\u00e9s de notre r\u00e9gion, d\u00e9cimant les foyers riches ou pauvres, les habitants de Gassin, indemnes, d\u00e9laiss\u00e8rent le village accroch\u00e9 sur son piton rocheux pour se r\u00e9fugier dans des lieux plus salubres o\u00f9 les miasmes m\u00e9phitiques ne risquaient pas de les envelopper de leurs funestes exhalaisons.<br>Une tr\u00e8s vieille paysanne que ni la crainte de l&rsquo;\u00e9pid\u00e9mie ni la peur de la mort n&rsquo;effrayaient, revint donner vie au village \u00e0 sa fa\u00e7on.<br>D&rsquo;abord parce qu&rsquo;elle redoutait que quelques chemineaux mal intentionn\u00e9s ne vinssent faire main basse sur ce qui restait dans les maisons mais aussi parce qu&rsquo;elle voulait que son village s&rsquo;anim\u00e2t ou donn\u00e2t l&rsquo;impression d&rsquo;\u00eatre habit\u00e9.<\/p>\n\n\n\n<p class=\"wp-block-paragraph\">Alors chaque soir, d\u00e8s que le soleil d\u00e9clinait, elle passait de maisons en masures \u00e9clairant ici une chandelle, l\u00e0 un bout de suif et surtout allumant un feu de bois dans chaque \u00e2tre et &#8230; c&rsquo;est l\u00e0 le miracle ou l&rsquo;origine d\u00e9moniaque de l&rsquo;appellation, elle transportait de maison en maison une poign\u00e9e de braises dans les paumes r\u00e9unies sans se br\u00fbler jamais !<\/p>\n\n\n\n<p class=\"wp-block-paragraph\">Cela semble une banale histoire en apparence mais sans doute fallait-il \u00eatre sorci\u00e8re pour \u00e9chapper chaque soir \u00e0 la br\u00fblure des charbons ardents.<br>Depuis ce temps les sorci\u00e8res ont fui sur leur balai de bruy\u00e8res. Quelques chemin\u00e9es fument encore par ci par l\u00e0, au dessus des toits engourdis par l&rsquo;hiver.<br>Le confort douillet des maisons a chass\u00e9 la po\u00e9sie des feux de bois et personne ne pense plus \u00e0 cette \u00e9trange cr\u00e9ature qui se d\u00e9pla\u00e7ait furtivement dans les venelles du village abandonn\u00e9, des tisons embras\u00e9s dans les mains.<\/p>\n\n\n\n<h2 class=\"wp-block-heading\">CARTES POSTALES ANCIENNES<\/h2>\n\n\n\n<div class=\"wp-block-image\"><figure class=\"alignleft\"><img loading=\"lazy\" decoding=\"async\" width=\"300\" height=\"196\" src=\"http:\/\/www.mairie-gassin.fr\/wp-content\/uploads\/2017\/11\/cpa-rue-enclos-300x196.jpg\" alt=\"\" class=\"wp-image-31\" srcset=\"https:\/\/www.mairie-gassin.fr\/wp-content\/uploads\/2017\/11\/cpa-rue-enclos-300x196.jpg 300w, https:\/\/www.mairie-gassin.fr\/wp-content\/uploads\/2017\/11\/cpa-rue-enclos.jpg 333w\" sizes=\"auto, (max-width: 300px) 100vw, 300px\" \/><\/figure><\/div>\n\n\n\n<div class=\"wp-block-image\"><figure class=\"alignleft\"><img loading=\"lazy\" decoding=\"async\" width=\"300\" height=\"194\" src=\"http:\/\/www.mairie-gassin.fr\/wp-content\/uploads\/2017\/11\/cpa-place-neuve-300x194.jpg\" alt=\"\" class=\"wp-image-30\" srcset=\"https:\/\/www.mairie-gassin.fr\/wp-content\/uploads\/2017\/11\/cpa-place-neuve-300x194.jpg 300w, https:\/\/www.mairie-gassin.fr\/wp-content\/uploads\/2017\/11\/cpa-place-neuve.jpg 333w\" sizes=\"auto, (max-width: 300px) 100vw, 300px\" \/><\/figure><\/div>\n\n\n\n<div class=\"wp-block-image\"><figure class=\"alignleft\"><img loading=\"lazy\" decoding=\"async\" width=\"300\" height=\"196\" src=\"http:\/\/www.mairie-gassin.fr\/wp-content\/uploads\/2017\/11\/cpa-interieur-village-300x196.jpg\" alt=\"\" class=\"wp-image-29\" srcset=\"https:\/\/www.mairie-gassin.fr\/wp-content\/uploads\/2017\/11\/cpa-interieur-village-300x196.jpg 300w, https:\/\/www.mairie-gassin.fr\/wp-content\/uploads\/2017\/11\/cpa-interieur-village.jpg 333w\" sizes=\"auto, (max-width: 300px) 100vw, 300px\" \/><\/figure><\/div>\n\n\n\n<div class=\"wp-block-image\"><figure class=\"alignleft\"><img loading=\"lazy\" decoding=\"async\" width=\"300\" height=\"195\" src=\"http:\/\/www.mairie-gassin.fr\/wp-content\/uploads\/2017\/11\/cpa-entree-village-300x195.jpg\" alt=\"\" class=\"wp-image-28\" srcset=\"https:\/\/www.mairie-gassin.fr\/wp-content\/uploads\/2017\/11\/cpa-entree-village-300x195.jpg 300w, https:\/\/www.mairie-gassin.fr\/wp-content\/uploads\/2017\/11\/cpa-entree-village.jpg 333w\" sizes=\"auto, (max-width: 300px) 100vw, 300px\" \/><\/figure><\/div>\n\n\n\n<div class=\"wp-block-image\"><figure class=\"alignleft\"><img loading=\"lazy\" decoding=\"async\" width=\"300\" height=\"196\" src=\"http:\/\/www.mairie-gassin.fr\/wp-content\/uploads\/2017\/11\/cpa-eglise-300x196.jpg\" alt=\"\" class=\"wp-image-27\" srcset=\"https:\/\/www.mairie-gassin.fr\/wp-content\/uploads\/2017\/11\/cpa-eglise-300x196.jpg 300w, https:\/\/www.mairie-gassin.fr\/wp-content\/uploads\/2017\/11\/cpa-eglise.jpg 333w\" sizes=\"auto, (max-width: 300px) 100vw, 300px\" \/><\/figure><\/div>\n\n\n\n<div class=\"wp-block-image\"><figure class=\"alignleft\"><img loading=\"lazy\" decoding=\"async\" width=\"300\" height=\"195\" src=\"http:\/\/www.mairie-gassin.fr\/wp-content\/uploads\/2017\/11\/cpa-vieille-rue-300x195.jpg\" alt=\"\" class=\"wp-image-26\" srcset=\"https:\/\/www.mairie-gassin.fr\/wp-content\/uploads\/2017\/11\/cpa-vieille-rue-300x195.jpg 300w, https:\/\/www.mairie-gassin.fr\/wp-content\/uploads\/2017\/11\/cpa-vieille-rue.jpg 333w\" sizes=\"auto, (max-width: 300px) 100vw, 300px\" \/><\/figure><\/div>\n","protected":false},"excerpt":{"rendered":"<p>LE BLASON Les armes de Gassin, \u00ab d\u2019Azur \u00e0 un ch\u00e2teau donjonn\u00e9 de trois tours d\u2019argent, ma\u00e7onn\u00e9 de sable \u00bb, attestent qu\u2019une partie de son histoire fut li\u00e9e \u00e0 celle de la famille Castellane-Saint Jeurs qui furent les seigneurs de Gassin et dont la devise \u00e9tait : \u00ab\u00a0May d&rsquo;honour que d&rsquo;honours\u00a0\u00bb qui peut se traduire<a class=\"excerpt-read-more\" href=\"https:\/\/www.mairie-gassin.fr\/fr\/notre-commune\/gassin-hier\/\" title=\"ReadGassin hier\">&#8230; Read more &raquo;<\/a><\/p>\n","protected":false},"author":11,"featured_media":0,"parent":40,"menu_order":41,"comment_status":"closed","ping_status":"closed","template":"","meta":{"_acf_changed":false,"_crdt_document":"","footnotes":""},"class_list":["post-7","page","type-page","status-publish","hentry"],"acf":[],"_links":{"self":[{"href":"https:\/\/www.mairie-gassin.fr\/fr\/wp-json\/wp\/v2\/pages\/7","targetHints":{"allow":["GET"]}}],"collection":[{"href":"https:\/\/www.mairie-gassin.fr\/fr\/wp-json\/wp\/v2\/pages"}],"about":[{"href":"https:\/\/www.mairie-gassin.fr\/fr\/wp-json\/wp\/v2\/types\/page"}],"author":[{"embeddable":true,"href":"https:\/\/www.mairie-gassin.fr\/fr\/wp-json\/wp\/v2\/users\/11"}],"replies":[{"embeddable":true,"href":"https:\/\/www.mairie-gassin.fr\/fr\/wp-json\/wp\/v2\/comments?post=7"}],"version-history":[{"count":12,"href":"https:\/\/www.mairie-gassin.fr\/fr\/wp-json\/wp\/v2\/pages\/7\/revisions"}],"predecessor-version":[{"id":2457,"href":"https:\/\/www.mairie-gassin.fr\/fr\/wp-json\/wp\/v2\/pages\/7\/revisions\/2457"}],"up":[{"embeddable":true,"href":"https:\/\/www.mairie-gassin.fr\/fr\/wp-json\/wp\/v2\/pages\/40"}],"wp:attachment":[{"href":"https:\/\/www.mairie-gassin.fr\/fr\/wp-json\/wp\/v2\/media?parent=7"}],"curies":[{"name":"wp","href":"https:\/\/api.w.org\/{rel}","templated":true}]}}

<h2 class="wp-block-heading">LE BLASON</h2>



<div class="wp-block-image"><figure class="aligncenter"><img loading="lazy" decoding="async" width="156" height="221" src="http://www.mairie-gassin.fr/wp-content/uploads/2017/11/blason-gassin-2014-petit-.jpg" alt="" class="wp-image-25"/></figure></div>



<p class="wp-block-paragraph">Les armes de Gassin, « d’Azur à un château donjonné de trois tours d’argent, maçonné de sable », attestent qu’une partie de son histoire fut liée à celle de la famille Castellane-Saint Jeurs qui furent les seigneurs de Gassin et dont la devise était :</p>



<blockquote class="wp-block-quote is-layout-flow wp-block-quote-is-layout-flow"><p>« May d&rsquo;honour que d&rsquo;honours » qui peut se traduire par « mieux vaut l&rsquo;honneur que les honneurs ».</p></blockquote>



<h2 class="wp-block-heading">ORIGINE DU NOM</h2>



<p class="wp-block-paragraph">Les premières traces écrites faisant état de GASSIN ou plutôt GARCIN remontent à 1234 &#8211; 1235.<br>Il n&rsquo;y a rien dans le cartulaire de l&rsquo;Abbaye de SAINT VICTOR relatif au village. Par contre, on peut y lire :</p>



<ul class="wp-block-list"><li>ARNULFUS DE GARCINO</li><li>AICARDUS DE GARCIN (Carta 144 &#8211; 14 August 1097)</li><li>GAUFRIDI DE GARCI (Carta 969 &#8211; 22 Febr 1154)</li><li>GUILELMUS GARCINUS (Carta 1102 &#8211; 11 Jul 1124)</li></ul>



<p class="wp-block-paragraph">Cependant ces noms ne désignent pas forcément des personnes natives du lieu même de GARCIN, de notre GASSIN.<br>Dans les extraits des « STATUTS DE LA BAILIE DE FREJUS » dont l&rsquo;original se trouve aux archives des B.D.R. &#8211; B 326 &#8211; scellé sur flocs de soie rouge et bleue, on découvre</p>



<p class="wp-block-paragraph">« Item, CASTRUM DE GARCINO cum SANT TROPES unum militem cum equo armato et unum militem non cum equo armato »</p>



<p class="wp-block-paragraph">La graphie GARCIN est restée longtemps celle du nom du village jusqu&rsquo;aux alentours de 1750 environ.</p>



<p class="wp-block-paragraph">Est-ce une faute typographique ?<br>Est-ce une faute de quelque desservant ou curé vicaire tenant le registre de Catholicité ?<br><strong>Toujours est-il que l&rsquo;écriture actuelle de Gassin ne remonte pas très loin.</strong></p>



<p class="wp-block-paragraph">Certains ont tenté de voir dans GASSIN, GARDIA SINUS : la Gardienne du Golfe en se basant sur le libellé actuel du nom du village mais, c&rsquo;est l&rsquo;ancien libellé qui doit servir à en rechercher l&rsquo;origine.</p>



<p class="wp-block-paragraph">D&rsquo;après Charles ROSTAING dans son « essai sur la toponymie de la Provence », GARCIN serait d&rsquo;origine pré-indo-européenne.</p>



<p class="wp-block-paragraph">Il semblerait que l&rsquo;on puisse envisager une origine ligure dont le langage supposé aurait pu être mêlé à des mots d&rsquo;origine méditerranéenne (pré-indo-européen). La racine KAR signifiant pierre perchée.</p>



<p class="wp-block-paragraph">Alors pourquoi ne pas faire la relation entre le phonème KAR et la 1° syllabe GAR.</p>



<p class="wp-block-paragraph">La racine SED-SEN a plusieurs interprétations selon sa place : siège, colline, bâti sur un rocher, etc&#8230; suivant son assimilation à une autre racine alors pourquoi ne pas extrapoler et poser la question :<br>KAR&#8230;SEN &#8211; GAR&#8230;SIN &#8211; GASSIN ???</p>



<p class="wp-block-paragraph"><strong>Il n&rsquo;est pas extravagant d&rsquo;envisager que GASSIN est la déformation phonétique de KAR (Pierre) SEN (bâti sur)</strong> car quel lieu est plus pierreux que l&rsquo;éperon rocheux sur lequel est accroché GASSIN ?</p>



<h2 class="wp-block-heading">HISTOIRE</h2>



<p class="wp-block-paragraph"><strong>Ses premiers habitants</strong>, établis dans la plaine, ont obéi aux réflexes salvateurs.<br>Pour éviter les invasions, les épidémies, les guerres de religion, pour trouver l’eau et la sécurité, ils ont suivi l’itinéraire classique qui commandait de s’élever sur les collines. Ce en quoi ils eurent raison car <strong>jamais l’actuel village ne fut envahi</strong>.<br>Aujourd’hui, l’axe de leur progression vers les sources et les positions inexpugnables est encore visible sur les photos aériennes, de la plaine du Bourrian à Belieu, de Villevieille à l’actuel village, ils ont suivi la crête de la colline au flanc de laquelle la montée de Coste Brigade reste encore le meilleur moyen de découvrir ce bijou qu’est le village de Gassin.</p>



<h2 class="wp-block-heading">LA LEGENDE: GASSIN LE VILLAGE DES SORCIERES</h2>



<p class="wp-block-paragraph"><strong>D&rsquo;où vient cette appellation assez curieuse, voire inquiétante ?</strong></p>



<p class="wp-block-paragraph">Il semblerait que la légende, parvenue jusqu&rsquo;à nous par le bouche à oreille, ait subi les distorsions inhérentes à la relation du récit maintes fois répété au fil du temps.</p>



<p class="wp-block-paragraph">A une époque fort reculée, alors que la peste ravageait les communautés de notre région, décimant les foyers riches ou pauvres, les habitants de Gassin, indemnes, délaissèrent le village accroché sur son piton rocheux pour se réfugier dans des lieux plus salubres où les miasmes méphitiques ne risquaient pas de les envelopper de leurs funestes exhalaisons.<br>Une très vieille paysanne que ni la crainte de l&rsquo;épidémie ni la peur de la mort n&rsquo;effrayaient, revint donner vie au village à sa façon.<br>D&rsquo;abord parce qu&rsquo;elle redoutait que quelques chemineaux mal intentionnés ne vinssent faire main basse sur ce qui restait dans les maisons mais aussi parce qu&rsquo;elle voulait que son village s&rsquo;animât ou donnât l&rsquo;impression d&rsquo;être habité.</p>



<p class="wp-block-paragraph">Alors chaque soir, dès que le soleil déclinait, elle passait de maisons en masures éclairant ici une chandelle, là un bout de suif et surtout allumant un feu de bois dans chaque âtre et &#8230; c&rsquo;est là le miracle ou l&rsquo;origine démoniaque de l&rsquo;appellation, elle transportait de maison en maison une poignée de braises dans les paumes réunies sans se brûler jamais !</p>



<p class="wp-block-paragraph">Cela semble une banale histoire en apparence mais sans doute fallait-il être sorcière pour échapper chaque soir à la brûlure des charbons ardents.<br>Depuis ce temps les sorcières ont fui sur leur balai de bruyères. Quelques cheminées fument encore par ci par là, au dessus des toits engourdis par l&rsquo;hiver.<br>Le confort douillet des maisons a chassé la poésie des feux de bois et personne ne pense plus à cette étrange créature qui se déplaçait furtivement dans les venelles du village abandonné, des tisons embrasés dans les mains.</p>



<h2 class="wp-block-heading">CARTES POSTALES ANCIENNES</h2>



<div class="wp-block-image"><figure class="alignleft"><img loading="lazy" decoding="async" width="300" height="196" src="http://www.mairie-gassin.fr/wp-content/uploads/2017/11/cpa-rue-enclos-300x196.jpg" alt="" class="wp-image-31" srcset="https://www.mairie-gassin.fr/wp-content/uploads/2017/11/cpa-rue-enclos-300x196.jpg 300w, https://www.mairie-gassin.fr/wp-content/uploads/2017/11/cpa-rue-enclos.jpg 333w" sizes="auto, (max-width: 300px) 100vw, 300px" /></figure></div>



<div class="wp-block-image"><figure class="alignleft"><img loading="lazy" decoding="async" width="300" height="194" src="http://www.mairie-gassin.fr/wp-content/uploads/2017/11/cpa-place-neuve-300x194.jpg" alt="" class="wp-image-30" srcset="https://www.mairie-gassin.fr/wp-content/uploads/2017/11/cpa-place-neuve-300x194.jpg 300w, https://www.mairie-gassin.fr/wp-content/uploads/2017/11/cpa-place-neuve.jpg 333w" sizes="auto, (max-width: 300px) 100vw, 300px" /></figure></div>



<div class="wp-block-image"><figure class="alignleft"><img loading="lazy" decoding="async" width="300" height="196" src="http://www.mairie-gassin.fr/wp-content/uploads/2017/11/cpa-interieur-village-300x196.jpg" alt="" class="wp-image-29" srcset="https://www.mairie-gassin.fr/wp-content/uploads/2017/11/cpa-interieur-village-300x196.jpg 300w, https://www.mairie-gassin.fr/wp-content/uploads/2017/11/cpa-interieur-village.jpg 333w" sizes="auto, (max-width: 300px) 100vw, 300px" /></figure></div>



<div class="wp-block-image"><figure class="alignleft"><img loading="lazy" decoding="async" width="300" height="195" src="http://www.mairie-gassin.fr/wp-content/uploads/2017/11/cpa-entree-village-300x195.jpg" alt="" class="wp-image-28" srcset="https://www.mairie-gassin.fr/wp-content/uploads/2017/11/cpa-entree-village-300x195.jpg 300w, https://www.mairie-gassin.fr/wp-content/uploads/2017/11/cpa-entree-village.jpg 333w" sizes="auto, (max-width: 300px) 100vw, 300px" /></figure></div>



<div class="wp-block-image"><figure class="alignleft"><img loading="lazy" decoding="async" width="300" height="196" src="http://www.mairie-gassin.fr/wp-content/uploads/2017/11/cpa-eglise-300x196.jpg" alt="" class="wp-image-27" srcset="https://www.mairie-gassin.fr/wp-content/uploads/2017/11/cpa-eglise-300x196.jpg 300w, https://www.mairie-gassin.fr/wp-content/uploads/2017/11/cpa-eglise.jpg 333w" sizes="auto, (max-width: 300px) 100vw, 300px" /></figure></div>



<div class="wp-block-image"><figure class="alignleft"><img loading="lazy" decoding="async" width="300" height="195" src="http://www.mairie-gassin.fr/wp-content/uploads/2017/11/cpa-vieille-rue-300x195.jpg" alt="" class="wp-image-26" srcset="https://www.mairie-gassin.fr/wp-content/uploads/2017/11/cpa-vieille-rue-300x195.jpg 300w, https://www.mairie-gassin.fr/wp-content/uploads/2017/11/cpa-vieille-rue.jpg 333w" sizes="auto, (max-width: 300px) 100vw, 300px" /></figure></div>

<p>LE BLASON Les armes de Gassin, « d’Azur à un château donjonné de trois tours d’argent, maçonné de sable », attestent qu’une partie de son histoire fut liée à celle de la famille Castellane-Saint Jeurs qui furent les seigneurs de Gassin et dont la devise était : « May d&rsquo;honour que d&rsquo;honours » qui peut se traduire<a class="excerpt-read-more" href="https://www.mairie-gassin.fr/fr/notre-commune/gassin-hier/" title="ReadGassin hier">&#8230; Read more &raquo;</a></p>
